{"id":2,"date":"2020-01-03T15:44:09","date_gmt":"2020-01-03T14:44:09","guid":{"rendered":"http:\/\/510578669.swh.strato-hosting.eu\/?page_id=2"},"modified":"2026-04-30T17:22:27","modified_gmt":"2026-04-30T15:22:27","slug":"beispiel-seite","status":"publish","type":"page","link":"https:\/\/staufenbergschule.de\/","title":{"rendered":"Herzlich Willkommen an der Staufenbergschule"},"content":{"rendered":"\n<div class='black' style='background:rgba(0,0,0,0); border:solid 0px rgba(0,0,0,0); border-radius:0px; padding:0px 0px 0px 0px;'>\n<div id='slider_86' class='owl-carousel sa_owl_theme owl-pagination-true autohide-arrows' data-slider-id='slider_86' style='visibility:hidden;'>\n<div id='slider_86_slide01' class='sa_hover_container' style='padding:5% 5%; margin:0px 0%; background-image:url(&quot;https:\/\/staufenbergschule.de\/wp-content\/uploads\/2020\/01\/Slider_1-scaled.jpg&quot;); background-position:center center; background-size:100% auto; background-repeat:no-repeat; '><\/div>\n<div id='slider_86_slide02' class='sa_hover_container' style='padding:5% 5%; margin:0px 0%; background-image:url(&quot;https:\/\/staufenbergschule.de\/wp-content\/uploads\/2020\/01\/Slider_2-scaled.jpg&quot;); background-position:center center; background-size:100% auto; background-repeat:no-repeat; '><\/div>\n<div id='slider_86_slide03' class='sa_hover_container' style='padding:5% 5%; margin:0px 0%; background-image:url(&quot;https:\/\/staufenbergschule.de\/wp-content\/uploads\/2020\/01\/Slider_3-scaled.jpg&quot;); background-position:center center; background-size:100% auto; background-repeat:no-repeat; '><\/div>\n<\/div>\n<\/div>\n<script type='text\/javascript'>\n\tjQuery(document).ready(function() {\n\t\tjQuery('#slider_86').owlCarousel({\n\t\t\titems : 1,\n\t\t\tsmartSpeed : 200,\n\t\t\tautoplay : true,\n\t\t\tautoplayTimeout : 3000,\n\t\t\tautoplayHoverPause : true,\n\t\t\tsmartSpeed : 200,\n\t\t\tfluidSpeed : 200,\n\t\t\tautoplaySpeed : 200,\n\t\t\tnavSpeed : 200,\n\t\t\tdotsSpeed : 200,\n\t\t\tdotsEach : 1,\n\t\t\tloop : true,\n\t\t\tnav : true,\n\t\t\tnavText : ['Previous','Next'],\n\t\t\tdots : true,\n\t\t\tresponsiveRefreshRate : 200,\n\t\t\tslideBy : 1,\n\t\t\tmergeFit : true,\n\t\t\tautoHeight : true,\n\t\t\tmouseDrag : true,\n\t\t\ttouchDrag : true\n\t\t});\n\t\tjQuery('#slider_86').css('visibility', 'visible');\n\t\tsa_resize_slider_86();\n\t\twindow.addEventListener('resize', sa_resize_slider_86);\n\t\tfunction sa_resize_slider_86() {\n\t\t\tvar min_height = '50';\n\t\t\tvar win_width = jQuery(window).width();\n\t\t\tvar slider_width = jQuery('#slider_86').width();\n\t\t\tif (win_width < 480) {\n\t\t\t\tvar slide_width = slider_width \/ 1;\n\t\t\t} else if (win_width < 768) {\n\t\t\t\tvar slide_width = slider_width \/ 1;\n\t\t\t} else if (win_width < 980) {\n\t\t\t\tvar slide_width = slider_width \/ 1;\n\t\t\t} else if (win_width < 1200) {\n\t\t\t\tvar slide_width = slider_width \/ 1;\n\t\t\t} else if (win_width < 1500) {\n\t\t\t\tvar slide_width = slider_width \/ 1;\n\t\t\t} else {\n\t\t\t\tvar slide_width = slider_width \/ 1;\n\t\t\t}\n\t\t\tslide_width = Math.round(slide_width);\n\t\t\tvar slide_height = '0';\n\t\t\tif (min_height == 'aspect43') {\n\t\t\t\tslide_height = (slide_width \/ 4) * 3;\t\t\t\tslide_height = Math.round(slide_height);\n\t\t\t} else if (min_height == 'aspect169') {\n\t\t\t\tslide_height = (slide_width \/ 16) * 9;\t\t\t\tslide_height = Math.round(slide_height);\n\t\t\t} else {\n\t\t\t\tslide_height = (slide_width \/ 100) * min_height;\t\t\t\tslide_height = Math.round(slide_height);\n\t\t\t}\n\t\t\tjQuery('#slider_86 .owl-item .sa_hover_container').css('min-height', slide_height+'px');\n\t\t}\n\t\tvar owl_goto = jQuery('#slider_86');\n\t\tjQuery('.slider_86_goto1').click(function(event){\n\t\t\towl_goto.trigger('to.owl.carousel', 0);\n\t\t});\n\t\tjQuery('.slider_86_goto2').click(function(event){\n\t\t\towl_goto.trigger('to.owl.carousel', 1);\n\t\t});\n\t\tjQuery('.slider_86_goto3').click(function(event){\n\t\t\towl_goto.trigger('to.owl.carousel', 2);\n\t\t});\n\t\tvar resize_86 = jQuery('.owl-carousel');\n\t\tresize_86.on('initialized.owl.carousel', function(e) {\n\t\t\tif (typeof(Event) === 'function') {\n\t\t\t\twindow.dispatchEvent(new Event('resize'));\n\t\t\t} else {\n\t\t\t\tvar evt = window.document.createEvent('UIEvents');\n\t\t\t\tevt.initUIEvent('resize', true, false, window, 0);\n\t\t\t\twindow.dispatchEvent(evt);\n\t\t\t}\n\t\t});\n\t});\n<\/script>\n\n\n\n\n<div style=\"height:75px\" aria-hidden=\"true\" class=\"wp-block-spacer\"><\/div>\n\n\n\n<p class=\"has-large-font-size\">Wir freuen uns, Sie auf unserer Homepage begr\u00fc\u00dfen zu d\u00fcrfen. Hier finden Sie umfassende Informationen zu unserer Schule und erhalten einen Einblick in das Schulleben der Staufenbergschule.<\/p>\n\n\n\n<p><\/p>\n\n\n\n<p><\/p>\n\n\n\n<p><\/p>\n\n\n\n<h2 class=\"wp-block-heading\">Aktuelles<\/h2>\n\n\n\n<p class=\"has-text-align-center has-background has-large-font-size\" style=\"background-color:#f9bc53\"><\/p>\n\n\n\n<figure class=\"wp-block-image size-full\"><img loading=\"lazy\" decoding=\"async\" width=\"2560\" height=\"1920\" src=\"https:\/\/staufenbergschule.de\/wp-content\/uploads\/2026\/04\/IMG_3850-scaled.jpeg\" alt=\"\" class=\"wp-image-3251\" srcset=\"https:\/\/staufenbergschule.de\/wp-content\/uploads\/2026\/04\/IMG_3850-scaled.jpeg 2560w, https:\/\/staufenbergschule.de\/wp-content\/uploads\/2026\/04\/IMG_3850-300x225.jpeg 300w, https:\/\/staufenbergschule.de\/wp-content\/uploads\/2026\/04\/IMG_3850-1024x768.jpeg 1024w, https:\/\/staufenbergschule.de\/wp-content\/uploads\/2026\/04\/IMG_3850-768x576.jpeg 768w, https:\/\/staufenbergschule.de\/wp-content\/uploads\/2026\/04\/IMG_3850-1536x1152.jpeg 1536w, https:\/\/staufenbergschule.de\/wp-content\/uploads\/2026\/04\/IMG_3850-2048x1536.jpeg 2048w, https:\/\/staufenbergschule.de\/wp-content\/uploads\/2026\/04\/IMG_3850-676x507.jpeg 676w\" sizes=\"auto, (max-width: 2560px) 100vw, 2560px\" \/><figcaption class=\"wp-element-caption\">Screenshot<\/figcaption><\/figure>\n\n\n\n<h2 class=\"wp-block-heading\">Termine<\/h2>\n\n\n\n<p>Freitag, 01.05.26 Feiertag (schulfrei)<br><br>Donnerstag, 14.05.26 Feiertag (schulfrei)<\/p>\n\n\n\n<p>Freitag, 15.05.26 Beweglicher Ferientag (schulfrei)<\/p>\n\n\n\n<p>Mittwoch, 13.05.26 um 16.00 Uhr Musicalauff\u00fchrung<\/p>\n\n\n\n<p>Pfingstferien vom 23.05.26 bis 07.06.26<\/p>\n\n\n\n<h2 class=\"wp-block-heading\">Berichte<\/h2>\n\n\n<ul class=\"wp-block-latest-posts__list is-grid columns-3 wp-block-latest-posts\"><li><a class=\"wp-block-latest-posts__post-title\" href=\"https:\/\/staufenbergschule.de\/index.php\/2026\/04\/28\/profiringer-zu-besuch-in-der-2d\/\">Profiringer zu Besuch in der 2d<\/a><\/li>\n<li><a class=\"wp-block-latest-posts__post-title\" href=\"https:\/\/staufenbergschule.de\/index.php\/2026\/04\/21\/legotag\/\">Legotag<\/a><\/li>\n<li><a class=\"wp-block-latest-posts__post-title\" href=\"https:\/\/staufenbergschule.de\/index.php\/2026\/03\/26\/impressionen-vom-schulfest\/\">Impressionen vom Fr\u00fchlingsfest<\/a><\/li>\n<li><a class=\"wp-block-latest-posts__post-title\" href=\"https:\/\/staufenbergschule.de\/index.php\/2026\/02\/26\/ausflug-der-klasse-4b-ins-labor-der-experimenta\/\">Ausflug der Klasse 4b ins Labor der Experimenta<\/a><\/li>\n<li><a class=\"wp-block-latest-posts__post-title\" href=\"https:\/\/staufenbergschule.de\/index.php\/2026\/02\/11\/papierschmuck-in-der-klasse-3b\/\">Papierschmuck in der Klasse 3b<\/a><\/li>\n<\/ul>","protected":false},"excerpt":{"rendered":"<p>Wir freuen uns, Sie auf unserer Homepage begr\u00fc\u00dfen zu d\u00fcrfen. Hier finden Sie umfassende Informationen zu unserer Schule und erhalten einen Einblick in das Schulleben der Staufenbergschule. Aktuelles Termine Freitag, [&hellip;]<\/p>\n","protected":false},"author":1,"featured_media":0,"parent":0,"menu_order":0,"comment_status":"closed","ping_status":"open","template":"template-fullwidth.php","meta":{"_acf_changed":false,"footnotes":""},"class_list":["post-2","page","type-page","status-publish","hentry","post-preview"],"acf":[],"_links":{"self":[{"href":"https:\/\/staufenbergschule.de\/index.php\/wp-json\/wp\/v2\/pages\/2","targetHints":{"allow":["GET"]}}],"collection":[{"href":"https:\/\/staufenbergschule.de\/index.php\/wp-json\/wp\/v2\/pages"}],"about":[{"href":"https:\/\/staufenbergschule.de\/index.php\/wp-json\/wp\/v2\/types\/page"}],"author":[{"embeddable":true,"href":"https:\/\/staufenbergschule.de\/index.php\/wp-json\/wp\/v2\/users\/1"}],"replies":[{"embeddable":true,"href":"https:\/\/staufenbergschule.de\/index.php\/wp-json\/wp\/v2\/comments?post=2"}],"version-history":[{"count":331,"href":"https:\/\/staufenbergschule.de\/index.php\/wp-json\/wp\/v2\/pages\/2\/revisions"}],"predecessor-version":[{"id":3274,"href":"https:\/\/staufenbergschule.de\/index.php\/wp-json\/wp\/v2\/pages\/2\/revisions\/3274"}],"wp:attachment":[{"href":"https:\/\/staufenbergschule.de\/index.php\/wp-json\/wp\/v2\/media?parent=2"}],"curies":[{"name":"wp","href":"https:\/\/api.w.org\/{rel}","templated":true}]}}